67149?
7
What is the millions digit of 68090557?
8
What is the hundred thousands digit of 200449239?
4
What is the units digit of 3760975922?
2
What is the units digit of 68113381?
1
What is the hundred thousands digit of 10526021?
5
What is the hundreds digit of 12206356?
3
What is the tens digit of 78318703?
0
What is the ten millions digit of 40844485?
4
What is the units digit of 48584979?
9
What is the ten thousands digit of 49882810?
8
What is the hundred thousands digit of 271851009?
8
What is the ten millions digit of 1980925072?
8
What is the thousands digit of 105013724?
3
What is the ten thousands digit of 324865984?
6
What is the tens digit of 111914940?
4
What is the billions digit of 1319513249?
1
What is the millions digit of 18836723?
8
What is the hundreds digit of 193197160?
1
What is the ten thousands digit of 1903162?
0
What is the millions digit of 98589823?
8
What is the thousands digit of 1425499421?
9
What is the hundred millions digit of 908469020?
9
What is the thousands digit of 1560504297?
4
What is the millions digit of 142787836?
2
What is the ten millions digit of 1621696384?
2
What is the thousands digit of 210237644?
7
What is the hundreds digit of 2261159615?
6
What is the ten thousands digit of 1006801821?
0
What is the tens digit of 28569381?
8
What is the units digit of 62084061?
1
What is the ten millions digit of 79559416?
7
What is the units digit of 1192938606?
6
What is the thousands digit of 1362677559?
7
What is the millions digit of 2104505254?
4
What is the hundred millions digit of 7087242874?
0
What is the tens digit of 2868830436?
3
What is the millions digit of 7969769551?
9
What is the tens digit of 84483101?
0
What is the tens digit of 219594322?
2
What is the millions digit of 28114661?
8
What is the hundred thousands digit of 1677694604?
6
What is the ten thousands digit of 4199592548?
9
What is the ten millions digit of 35684183?
3
What is the hundreds digit of 99521565?
5
What is the ten thousands digit of 129852331?
5
What is the hundreds digit of 65484917?
9
What is the hundreds digit of 74475738?
7
What is the units digit of 52557825?
5
What is the hundreds digit of 350618216?
2
What is the ten thousands digit of 614805636?
0
What is the ten thousands digit of 16586261?
8
What is the millions digit of 28724685?
8
What is the hundreds digit of 12740800?
8
What is the millions digit of 9791186?
9
What is the ten thousands digit of 268892839?
9
What is the hundred thousands digit of 353785768?
7
What is the hundred millions digit of 3671888854?
6
What is the hundreds digit of 78368163?
1
What is the hundreds digit of 122078152?
1
What is the hundred thousands digit of 95182703?
1
What is the tens digit of 1093709227?
2
What is the units digit of 1592087277?
7
What is the hundred millions digit of 315006243?
3
What is the units digit of 376289588?
8
What is the ten thousands digit of 112769037?
6
What is the thousands digit of 879011499?
1
What is the hundred thousands digit of 28427838?
4
What is the millions digit of 4787677?
4
What is the hundred millions digit of 1015674544?
0
What is the tens digit of 100581934?
3
What is the ten thousands digit of 29964918?
6
What is the hundreds digit of 3322151443?
4
What is the millions digit of 73313504?
3
What is the ten millions digit of 119682742?
1
What is the hundred millions digit of 1085197276?
0
What is the thousands digit of 41686577?
6
What is the units digit of 2242192282?
2
What is the millions digit of 486786203?
6
What is the millions digit of 69029247?
9
What is the thousands digit of 41669512?
9
What is the millions digit of 820492219?
0
What is the ten millions digit of 167758399?
6
What is the tens digit of 37538574?
7
What is the units digit of 234214165?
5
What is the units digit of 172481650?
0
What is the ten thousands digit of 243430824?
3
What is the tens digit of 294316925?
2
What is the ten thousands digit of 189770642?
7
What is the ten thousands digit of 274347?
7
What is the ten thousands digit of 668772645?
7
What is the hundreds digit of 70311105?
1
What is the thousands digit of 61062529?
2
What is the millions digit of 32733333?
2
What is the tens digit of 56151599?
9
What is the thousands digit of 70925520?
5
What is the hundred millions digit of 2211077920?
2
What is the thousands digit of 4330445?
0
What is the millions digit of 17741754?
7
What is the ten millions digit of 94820818?
9
What is the units digit of 142559807?
7
What is the millions digit of 1106218721?
6
What is the tens digit of 94962297?
9
What is the hundred millions digit of 118408265?
1
What is the units digit of 34550014?
4
What is the hundred thousands digit of 117906067?
9
What is the thousands digit of 45365281?
5
What is the ten thousands digit of 228693967?
9
What is the thousands digit of 12488311?
8
What is the millions digit of 19314426?
9
What is the tens digit of 2584295885?
8
What is the billions digit of 8228655993?
8
What is the units digit of 1160861?
1
What is the hundreds digit of 1400803049?
0
What is the hundred thousands digit of 76543995?
5
What is the hundreds digit of 142342860?
8
What is the hundred thousands digit of 55904882?
9
What is the thousands digit of 335737808?
7
What is the hundred thousands digit of 209219638?
2
What is the units digit of 4552405854?
4
What is the hundred millions digit of 349404025?
3
What is the hundred thousands digit of 16731545?
7
What is the thousands digit of 536770928?
0
What is the units digit of 45599630?
0
What is the ten millions digit of 10385436?
1
What is the ten millions digit of 71719678?
7
What is the hundreds digit of 626102119?
1
What is the tens digit of 31298124?
2
What is the hundreds digit of 63068846?
8
What is the hundred thousands digit of 138747871?
7
What is the hundred millions digit of 295612646?
2
What is the hundred thousands digit of 313475110?
4
What is the hundred millions digit of 3471249776?
4
What is the hundred thousands digit of 4904443840?
4
What is the ten millions digit of 311519392?
1
What is the millions digit of 81595302?
1
What is the tens digit of 3492665?
6
What is the ten thousands digit of 3978735462?
3
What is the hundred millions digit of 254000174?
2
What is the ten thousands digit of 30339223?
3
What is the billions digit of 1535132264?
1
What is the ten thousands digit of 580639908?
3
What is the tens digit of 7272666?
6
What is the millions digit of 720577297?
0
What is the tens digit of 339050973?
7
What is the hundred thousands digit of 1945294445?
2
What is the hundreds digit of 503208551?
5
What is the hundred millions digit of 330269368?
3
What is the ten thousands digit of 225917956?
1
What is the hundred millions digit of 2587058715?
5
What is the ten thousands digit of 491458314?
5
What is the thousands digit of 13928368?
8
What is the ten millions digit of 182666818?
8
What is the tens digit of 36039230?
3
What is the hundred millions digit of 122007220?
1
What is the units digit of 8558704083?
3
What is the units digit of 7950798?
8
What is the ten thousands digit of 352218647?
1
What is the hundred millions digit of 375029889?
3
What is the hundreds digit of 1980943792?
7
What is the units digit of 96690296?
6
What is the tens digit of 158050314?
1
What is the hundred millions digit of 149221507?
1
What is the tens digit of 33411367?
6
What is the tens digit of 145613064?
6
What is the ten thousands digit of 1645961779?
6
What is the hundred thousands digit of 9002015?
0
What is the ten millions digit of 50058241?
5
What is the tens digit of 341141841?
4
What is the ten millions digit of 24362998?
2
What is the hundred millions digit of 2927832281?
9
What is the hundred millions digit of 338062530?
3
What is the units digit of 107442294?
4
What is the tens digit of 15495075?
7
What is the tens digit of 642645994?
9
What is the units digit of 218032240?
0
What is the ten millions digit of 51725364?
5
What is the hundred thousands digit of 538117986?
1
What is the tens digit of 1140068723?
2
What is the hundreds digit of 17150996?
9
What is the hundred millions digit of 101706902?
1
What is the units digit of 7331250829?
9
What is the tens digit of 671148577?
7
What is the ten thousands digit of 387076061?
7
What is the